nd r.
2
Suppose -5*g + 4*n - 333 = 0, 0 = g - 2*n - n + 60. Let s = -60 - g. Calculate the highest common factor of 45 and s.
9
Let k be (-11)/(-44) + 5334/8. What is the highest common divisor of k and 46?
23
Suppose -i - 8 + 4 = 0. Let c be (-39)/(i/3*1/4). What is the highest common factor of c and 13?
13
Let v be 4 + (-4)/(-4)*42. Let b = 52 - v. Calculate the greatest common divisor of 48 and b.
6
Suppose -266 = -7*d - 903. Let p = 9 - d. What is the highest common factor of p and 40?
20
Let s(r) = 2*r**2 - 94*r + 535. Let d be s(6). Calculate the highest common divisor of d and 1333.
43
Let h be (308/(-231))/((-4)/201). Calculate the highest common divisor of 469 and h.
67
Suppose 5*l + f + 79 = 0, 3*l - 5*f = 2*l + 5. Let p(y) = y**3 + 16*y**2 + 4*y - 25. Let t be p(l). Calculate the highest common divisor of 20 and t.
20
Let h be (36/10 + 2)*5. Let n = -484 - -491. What is the highest common factor of n and h?
7
Let l = -14 - -25. Let f be 11*(4 + (0 - 1)). Calculate the greatest common factor of l and f.
11
Suppose 4*o + 20 = 5*q, -3*o = -2*q - 2 + 10. Suppose -2*u = q - 8. Suppose -u*r + 37 - 3 = 0. Calculate the greatest common divisor of r and 68.
17
Suppose -4*s + 42 = -2*z - z, 4*s - 28 = 2*z. Let i be z/3*(-24)/16. What is the greatest common divisor of i and 35?
7
Suppose 0 = 20*s - 21*s + 3. Suppose -s*l + 9*l = 462. Let c(b) = -b**2 + 5*b + 7. Let n be c(5). What is the greatest common factor of l and n?
7
Let i(b) = -b**2 - 7*b + 6. Suppose 0*j = 3*j - 9. Suppose -3*k - 21 = j*u, 2*u = -k - 0*k - 14. Let y be i(u). Calculate the highest common factor of y and 3.
3
Suppose -91 - 5 = 2*f. Let s be 6/4*f/18. Let b be s/14 + (-4936)/(-28). What is the greatest common divisor of b and 22?
22
Let p be (-11)/(-3) - (-84)/63. What is the greatest common divisor of p and 15?
5
Let j = -59 - -60. Suppose -9*p = -j - 35. Calculate the highest common factor of 16 and p.
4
Let i(u) = u**3 - u + 1. Let j be i(2). Let n be 20/70 - (-194)/j. Calculate the greatest common divisor of 14 and n.
14
Let d(x) = -8*x - 1. Let i be 0 + (-3 - -1) - 2. Let u be d(i). Suppose -2*r + u = -29. Calculate the highest common factor of r and 45.
15
Let z = -104 + 469. Calculate the greatest common divisor of z and 219.
73
Let r = -153 + 165. Let t(k) = k + 24. Let m be t(0). What is the highest common divisor of r and m?
12
Let f(d) = 2*d**3 - 3*d**2 - 2*d - 6. Let k = -19 + 22. Let q be f(k). Calculate the greatest common divisor of q and 6.
3
Let i(h) = 6*h**2 + 81*h + 44. Let d be i(-13). Calculate the greatest common factor of d and 35.
5
Let l be (30/24)/((-1)/(-8)). Suppose -4*x = -3*b + 254, 7*b = 3*b - 4*x + 376. What is the highest common factor of b and l?
10
Let q(n) = -n**2 + 18*n + 973. Let z be q(41). Suppose 55 = 2*u - 35. Calculate the greatest common divisor of u and z.
15
Let u = 32 + -26. Let n be (((-1176)/(-35))/u)/(1/5). Let b(c) = c**2 - c - 2. Let o be b(-2). Calculate the highest common divisor of o and n.
4
Let d be (-8)/(-4)*1*(-158)/(-4). Calculate the greatest common divisor of d and 474.
79
Let s(f) = 31*f - 4. Let z be s(3). Let x = z - 56. Suppose 4*q - 64 = -5*d, 2*q - 2*d - 1 - 13 = 0. What is the highest common factor of x and q?
11
Let v(x) = -x**3 + 3*x + 8. Let o be v(-4). What is the highest common factor of o and 108?
12
Let a(i) = -i**3 - 17*i**2 + i + 17. Let b be a(-17). Suppose 415 = 4*v + u, v - 5*u - 109 = -b*v. Calculate the highest common factor of v and 13.
13
Let x = 166 + -97. Let w = 125 - x. Calculate the greatest common divisor of w and 8.
8
Let w be (-434)/(-49) + 6 + 41/(-7). Calculate the greatest common divisor of w and 9.
9
Let b be -2*2*14/(-8). Suppose -407 = -14*w + 699. Let z = -51 + w. What is the highest common divisor of b and z?
7
Suppose -2*p = -7*p + 40. Suppose -2*d + 160 = 4*v, -d + 4*d - 220 = -v. Calculate the greatest common factor of p and d.
8
Let k = 35 + -13. Let n = 165 - 143. What is the greatest common factor of k and n?
22
Let w(d) = -11*d - 17. Let b be w(6). Let j = -23 - b. What is the greatest common factor of 150 and j?
30
Let c = 47 - 41. Let x be 1*211 + 24/c. Calculate the highest common divisor of x and 86.
43
Suppose -10*o + 204 + 46 = 0. Calculate the greatest common divisor of o and 35.
5
Let h be ((-3677)/15 - (-20)/150) + -1. Let a = 351 + h. Suppose -5*y = -y - 168. Calculate the greatest common divisor of y and a.
21
Let a = -168 + 182. Calculate the highest common divisor of a and 2.
2
Suppose t = -2*t + 237. Let o = -39 + t. Suppose 4*v - 13 = 3*z - 297, -3*z - 2*v + 308 = 0. What is the greatest common divisor of z and o?
20
Suppose 0*w + w - 3 = -4*y, 0 = -2*w + y + 33. Suppose 0*v + v - 2 = 0. Let u be ((-2)/6)/(v/(-18)). Calculate the highest common divisor of u and w.
3
Let f = -60 + 61. Suppose d = 3*o - 12 + f, 5*o = -2*d + 11. What is the greatest common divisor of 21 and o?
3
Let d be ((-444)/370)/(2 - (-46)/(-20)*1). Suppose -3*v - v + 232 = 3*f, 231 = 3*f + 3*v. Calculate the greatest common factor of d and f.
4
Let j(o) = o**2 - 13*o + 13. Let k be j(11). Let q(s) = s**3 + 10*s**2 - 6*s - 16. Let r be q(k). What is the highest common divisor of 17 and r?
17
Suppose -34 = -2*b + 70. Suppose 0*m - b = -4*m. Let f = -13 + 117. What is the greatest common factor of f and m?
13
Suppose 4*y = -3*x + 94 - 23, 4*x + 4*y - 96 = 0. Suppose -4*r + x = r. Calculate the greatest common factor of 15 and r.
5
Let c = -314 - -330. What is the greatest common divisor of 400 and c?
16
Let b = -57 - -62. Suppose 0 = b*o - 3*h - 42, -3*h = 2*h - 5. What is the highest common divisor of 1 and o?
1
Let z be (21 + 1)/((-16)/(-256)). Calculate the greatest common factor of z and 96.
32
Let n = -162 - -124. Let x = -36 - n. Calculate the highest common factor of 10 and x.
2
Suppose 0 = -p - 6 + 1. Let l be p/(4 + 1) - -13. What is the highest common factor of l and 12?
12
Let r = -27 + 24. Let o be r/2*(-31 - -9). What is the greatest common divisor of o and 11?
11
Let r(s) = s**3 - 29*s**2 - 127*s - 21. Let h be r(33). Calculate the greatest common factor of h and 504.
72
Suppose -4*s + 5*s = 100. Let q(d) = -d + 17. Let g be q(-8). Calculate the greatest common divisor of s and g.
25
Let i(s) = s**2 + 20*s + 33. Let c be i(-17). Let r(m) = m**3 + 19*m**2 + 16*m - 28. Let q be r(c). What is the greatest common factor of q and 104?
8
Let m(u) be the third derivative of -5*u**4/24 - 19*u**3/6 - 32*u**2. Let t be m(-4). Let b = -9 - -17. What is the highest common factor of t and b?
1
Let a be ((-96)/20)/4*-5. Let c = 24 - -91. Let p be c/5 + (2 - 1). Calculate the highest common divisor of a and p.
6
Suppose 19*r - 261 = 347. What is the highest common factor of 1504 and r?
32
Let r(q) = 6*q**2 - 5*q. Suppose -d = -4*m + 13, 5*d + 2*m = -0*d - 131. Let t = -20 - d. Let c be r(t). What is the greatest common divisor of 25 and c?
25
Let v(m) = -6*m + 70. Let c be v(10). Calculate the highest common divisor of 285 and c.
5
Suppose 5*b - 165 = 2*z, 10 = -z + 5. What is the greatest common factor of b and 2?
1
Let p = -51 + 203. Suppose i + 152 = 4*u, -u + 3*i = 3*u - p. What is the greatest common divisor of 19 and u?
19
Suppose -4*x = 5*f - 34, -f + x + 4 = -x. Let j(v) = -5 - 15*v - 2 + 4. Let r be j(-3). Calculate the greatest common divisor of f and r.
6
Let o(d) = 29*d**2 - 5*d + 2. Let s be o(2). Let v = -22 + 31. Let t be (5 - v)/((-2)/6). What is the greatest common divisor of s and t?
12
Let o be 6/(-27) - (12280/(-18))/10. Calculate the highest common divisor of o and 374.
34
Let w be (-114)/8*336/(-14). Calculate the greatest common factor of 38 and w.
38
Let u(r) = r**3 - 7*r**2 - 9*r + 6. Let f be u(8). Let t be ((-6)/9)/(f/87). Let b = 70 + t. Calculate the highest common divisor of b and 11.
11
Let n(k) = 2*k**2 + 6*k + 8. Let t be n(-2). Suppose 0 = y + y. Let u(j) = j + 6. Let l be u(y). Calculate the highest common factor of l and t.
2
Let a(m) = 4*m**2 + 22*m + 66. Let n be a(-4). Let s(i) = i**3 - 5*i**2 + i + 1. Let k be s(5). What is the highest common factor of n and k?
6
Suppose 21*g - 17*g - 100 = 0. Suppose 2*w = 23 + g. What is the highest common divisor of 120 and w?
24
Suppose 38*s - 5*i = 37*s + 215, i = 4*s - 860. What is the highest common 